{"id":1889,"date":"2022-03-17T09:02:32","date_gmt":"2022-03-17T08:02:32","guid":{"rendered":"https:\/\/www.urbanwines.se\/produkt\/leif-mannerstrom-cotes-du-rhone\/"},"modified":"2023-09-05T21:31:55","modified_gmt":"2023-09-05T19:31:55","slug":"leif-mannerstrom-cotes-du-rhone","status":"publish","type":"produkt","link":"https:\/\/urbanwines.se\/en\/produkt\/leif-mannerstrom-cotes-du-rhone\/","title":{"rendered":"Leif Mannerstr\u00f6m C\u00f4tes-du-Rh\u00f4ne"},"content":{"rendered":"","protected":false},"excerpt":{"rendered":"","protected":false},"featured_media":1072,"menu_order":0,"template":"","format":"standard","meta":{"_acf_changed":false,"footnotes":""},"produktkategori":[48],"certifiering":[],"produktetikett":[],"smaktyp":[59],"class_list":["post-1889","produkt","type-produkt","status-publish","format-standard","has-post-thumbnail","hentry","produktkategori-red-wine","smaktyp-spicy-rich"],"acf":{"produktnamn":"Leif Mannerstr\u00f6m C\u00f4tes-du-Rh\u00f4ne","produkt-information":"Art.nr: 73509  Vintage: 2021  Alcohol: 14%  Sugar: 0,2 g\/100 ml","producent":"Urban Wines","produktkategori":[48],"Smaktyp":[59],"produkt-pris":"99","ursprung":"C\u00f4tes-du-Rh\u00f4ne, France","certifiering":false,"vinet":"The grapes are harvested by hand from vineyards with an average age exceeding 30 years. The Grenache grapes comes from Ardech\u00e9, Syrah and Mourv\u00e8dre from the northeastern parts of Gard. Skin maceration for about 30 days to give the wine extra strength and depth. After the alcohol fermentation the wine has been stored for more than 14 months in concrete tanks, followed by a soft filtration. ","smak_mat":"This red wine is very generous and musty, with hints of dark berries as well as spices and black pepper. The wine has good length with elegant fruit structure, which makes it the perfect match for Entrec\u00f4te and bearnaise.\r\n\r\nServe at 16-18\u00b0C.","produktbild":1072,"ladda_ner":"https:\/\/urbanwines.se\/wp-content\/uploads\/2022\/03\/Mannerstroms_Rooda_2500px.png","symbol":"","produktlank":"https:\/\/www.systembolaget.se\/produkt\/vin\/leif-mannerstrom-7350901\/"},"yoast_head":"<!-- This site is optimized with the Yoast SEO plugin v27.2 - https:\/\/yoast.com\/product\/yoast-seo-wordpress\/ -->\n<title>Leif Mannerstr\u00f6m C\u00f4tes-du-Rh\u00f4ne - Urban Wines<\/title>\n<meta name=\"robots\" content=\"index, follow, max-snippet:-1, max-image-preview:large, max-video-preview:-1\" \/>\n<link rel=\"canonical\" href=\"https:\/\/urbanwines.se\/en\/produkt\/leif-mannerstrom-cotes-du-rhone\/\" \/>\n<meta property=\"og:locale\" content=\"en_US\" \/>\n<meta property=\"og:type\" content=\"article\" \/>\n<meta property=\"og:title\" content=\"Leif Mannerstr\u00f6m C\u00f4tes-du-Rh\u00f4ne - Urban Wines\" \/>\n<meta property=\"og:url\" content=\"https:\/\/urbanwines.se\/en\/produkt\/leif-mannerstrom-cotes-du-rhone\/\" \/>\n<meta property=\"og:site_name\" content=\"Urban Wines\" \/>\n<meta property=\"article:publisher\" content=\"https:\/\/www.facebook.com\/urbanwinesofficial\/\" \/>\n<meta property=\"article:modified_time\" content=\"2023-09-05T19:31:55+00:00\" \/>\n<meta property=\"og:image\" content=\"https:\/\/urbanwines.se\/wp-content\/uploads\/2022\/03\/Mannerstroms_Rooda_2500px-1.png\" \/>\n\t<meta property=\"og:image:width\" content=\"900\" \/>\n\t<meta property=\"og:image:height\" content=\"2500\" \/>\n\t<meta property=\"og:image:type\" content=\"image\/png\" \/>\n<script type=\"application\/ld+json\" class=\"yoast-schema-graph\">{\"@context\":\"https:\/\/schema.org\",\"@graph\":[{\"@type\":\"WebPage\",\"@id\":\"https:\/\/urbanwines.se\/en\/produkt\/leif-mannerstrom-cotes-du-rhone\/\",\"url\":\"https:\/\/urbanwines.se\/en\/produkt\/leif-mannerstrom-cotes-du-rhone\/\",\"name\":\"Leif Mannerstr\u00f6m C\u00f4tes-du-Rh\u00f4ne - Urban Wines\",\"isPartOf\":{\"@id\":\"https:\/\/urbanwines.se\/en\/#website\"},\"primaryImageOfPage\":{\"@id\":\"https:\/\/urbanwines.se\/en\/produkt\/leif-mannerstrom-cotes-du-rhone\/#primaryimage\"},\"image\":{\"@id\":\"https:\/\/urbanwines.se\/en\/produkt\/leif-mannerstrom-cotes-du-rhone\/#primaryimage\"},\"thumbnailUrl\":\"https:\/\/urbanwines.se\/wp-content\/uploads\/2022\/03\/Mannerstroms_Rooda_2500px-1.png\",\"datePublished\":\"2022-03-17T08:02:32+00:00\",\"dateModified\":\"2023-09-05T19:31:55+00:00\",\"breadcrumb\":{\"@id\":\"https:\/\/urbanwines.se\/en\/produkt\/leif-mannerstrom-cotes-du-rhone\/#breadcrumb\"},\"inLanguage\":\"en-US\",\"potentialAction\":[{\"@type\":\"ReadAction\",\"target\":[\"https:\/\/urbanwines.se\/en\/produkt\/leif-mannerstrom-cotes-du-rhone\/\"]}]},{\"@type\":\"ImageObject\",\"inLanguage\":\"en-US\",\"@id\":\"https:\/\/urbanwines.se\/en\/produkt\/leif-mannerstrom-cotes-du-rhone\/#primaryimage\",\"url\":\"https:\/\/urbanwines.se\/wp-content\/uploads\/2022\/03\/Mannerstroms_Rooda_2500px-1.png\",\"contentUrl\":\"https:\/\/urbanwines.se\/wp-content\/uploads\/2022\/03\/Mannerstroms_Rooda_2500px-1.png\",\"width\":900,\"height\":2500},{\"@type\":\"BreadcrumbList\",\"@id\":\"https:\/\/urbanwines.se\/en\/produkt\/leif-mannerstrom-cotes-du-rhone\/#breadcrumb\",\"itemListElement\":[{\"@type\":\"ListItem\",\"position\":1,\"name\":\"Hem\",\"item\":\"https:\/\/urbanwines.se\/en\/\"},{\"@type\":\"ListItem\",\"position\":2,\"name\":\"Produkter\",\"item\":\"https:\/\/urbanwines.se\/en\/produkt\/\"},{\"@type\":\"ListItem\",\"position\":3,\"name\":\"Leif Mannerstr\u00f6m C\u00f4tes-du-Rh\u00f4ne\"}]},{\"@type\":\"WebSite\",\"@id\":\"https:\/\/urbanwines.se\/en\/#website\",\"url\":\"https:\/\/urbanwines.se\/en\/\",\"name\":\"Urban Wines\",\"description\":\"\",\"publisher\":{\"@id\":\"https:\/\/urbanwines.se\/en\/#organization\"},\"potentialAction\":[{\"@type\":\"SearchAction\",\"target\":{\"@type\":\"EntryPoint\",\"urlTemplate\":\"https:\/\/urbanwines.se\/en\/?s={search_term_string}\"},\"query-input\":{\"@type\":\"PropertyValueSpecification\",\"valueRequired\":true,\"valueName\":\"search_term_string\"}}],\"inLanguage\":\"en-US\"},{\"@type\":\"Organization\",\"@id\":\"https:\/\/urbanwines.se\/en\/#organization\",\"name\":\"Urban Wines\",\"url\":\"https:\/\/urbanwines.se\/en\/\",\"logo\":{\"@type\":\"ImageObject\",\"inLanguage\":\"en-US\",\"@id\":\"https:\/\/urbanwines.se\/en\/#\/schema\/logo\/image\/\",\"url\":\"https:\/\/urbanwines.se\/wp-content\/uploads\/2022\/02\/logo.jpg\",\"contentUrl\":\"https:\/\/urbanwines.se\/wp-content\/uploads\/2022\/02\/logo.jpg\",\"width\":425,\"height\":113,\"caption\":\"Urban Wines\"},\"image\":{\"@id\":\"https:\/\/urbanwines.se\/en\/#\/schema\/logo\/image\/\"},\"sameAs\":[\"https:\/\/www.facebook.com\/urbanwinesofficial\/\"]}]}<\/script>\n<!-- \/ Yoast SEO plugin. -->","yoast_head_json":{"title":"Leif Mannerstr\u00f6m C\u00f4tes-du-Rh\u00f4ne - Urban Wines","robots":{"index":"index","follow":"follow","max-snippet":"max-snippet:-1","max-image-preview":"max-image-preview:large","max-video-preview":"max-video-preview:-1"},"canonical":"https:\/\/urbanwines.se\/en\/produkt\/leif-mannerstrom-cotes-du-rhone\/","og_locale":"en_US","og_type":"article","og_title":"Leif Mannerstr\u00f6m C\u00f4tes-du-Rh\u00f4ne - Urban Wines","og_url":"https:\/\/urbanwines.se\/en\/produkt\/leif-mannerstrom-cotes-du-rhone\/","og_site_name":"Urban Wines","article_publisher":"https:\/\/www.facebook.com\/urbanwinesofficial\/","article_modified_time":"2023-09-05T19:31:55+00:00","og_image":[{"width":900,"height":2500,"url":"https:\/\/urbanwines.se\/wp-content\/uploads\/2022\/03\/Mannerstroms_Rooda_2500px-1.png","type":"image\/png"}],"schema":{"@context":"https:\/\/schema.org","@graph":[{"@type":"WebPage","@id":"https:\/\/urbanwines.se\/en\/produkt\/leif-mannerstrom-cotes-du-rhone\/","url":"https:\/\/urbanwines.se\/en\/produkt\/leif-mannerstrom-cotes-du-rhone\/","name":"Leif Mannerstr\u00f6m C\u00f4tes-du-Rh\u00f4ne - Urban Wines","isPartOf":{"@id":"https:\/\/urbanwines.se\/en\/#website"},"primaryImageOfPage":{"@id":"https:\/\/urbanwines.se\/en\/produkt\/leif-mannerstrom-cotes-du-rhone\/#primaryimage"},"image":{"@id":"https:\/\/urbanwines.se\/en\/produkt\/leif-mannerstrom-cotes-du-rhone\/#primaryimage"},"thumbnailUrl":"https:\/\/urbanwines.se\/wp-content\/uploads\/2022\/03\/Mannerstroms_Rooda_2500px-1.png","datePublished":"2022-03-17T08:02:32+00:00","dateModified":"2023-09-05T19:31:55+00:00","breadcrumb":{"@id":"https:\/\/urbanwines.se\/en\/produkt\/leif-mannerstrom-cotes-du-rhone\/#breadcrumb"},"inLanguage":"en-US","potentialAction":[{"@type":"ReadAction","target":["https:\/\/urbanwines.se\/en\/produkt\/leif-mannerstrom-cotes-du-rhone\/"]}]},{"@type":"ImageObject","inLanguage":"en-US","@id":"https:\/\/urbanwines.se\/en\/produkt\/leif-mannerstrom-cotes-du-rhone\/#primaryimage","url":"https:\/\/urbanwines.se\/wp-content\/uploads\/2022\/03\/Mannerstroms_Rooda_2500px-1.png","contentUrl":"https:\/\/urbanwines.se\/wp-content\/uploads\/2022\/03\/Mannerstroms_Rooda_2500px-1.png","width":900,"height":2500},{"@type":"BreadcrumbList","@id":"https:\/\/urbanwines.se\/en\/produkt\/leif-mannerstrom-cotes-du-rhone\/#breadcrumb","itemListElement":[{"@type":"ListItem","position":1,"name":"Hem","item":"https:\/\/urbanwines.se\/en\/"},{"@type":"ListItem","position":2,"name":"Produkter","item":"https:\/\/urbanwines.se\/en\/produkt\/"},{"@type":"ListItem","position":3,"name":"Leif Mannerstr\u00f6m C\u00f4tes-du-Rh\u00f4ne"}]},{"@type":"WebSite","@id":"https:\/\/urbanwines.se\/en\/#website","url":"https:\/\/urbanwines.se\/en\/","name":"Urban Wines","description":"","publisher":{"@id":"https:\/\/urbanwines.se\/en\/#organization"},"potentialAction":[{"@type":"SearchAction","target":{"@type":"EntryPoint","urlTemplate":"https:\/\/urbanwines.se\/en\/?s={search_term_string}"},"query-input":{"@type":"PropertyValueSpecification","valueRequired":true,"valueName":"search_term_string"}}],"inLanguage":"en-US"},{"@type":"Organization","@id":"https:\/\/urbanwines.se\/en\/#organization","name":"Urban Wines","url":"https:\/\/urbanwines.se\/en\/","logo":{"@type":"ImageObject","inLanguage":"en-US","@id":"https:\/\/urbanwines.se\/en\/#\/schema\/logo\/image\/","url":"https:\/\/urbanwines.se\/wp-content\/uploads\/2022\/02\/logo.jpg","contentUrl":"https:\/\/urbanwines.se\/wp-content\/uploads\/2022\/02\/logo.jpg","width":425,"height":113,"caption":"Urban Wines"},"image":{"@id":"https:\/\/urbanwines.se\/en\/#\/schema\/logo\/image\/"},"sameAs":["https:\/\/www.facebook.com\/urbanwinesofficial\/"]}]}},"_links":{"self":[{"href":"https:\/\/urbanwines.se\/en\/wp-json\/wp\/v2\/produkt\/1889","targetHints":{"allow":["GET"]}}],"collection":[{"href":"https:\/\/urbanwines.se\/en\/wp-json\/wp\/v2\/produkt"}],"about":[{"href":"https:\/\/urbanwines.se\/en\/wp-json\/wp\/v2\/types\/produkt"}],"version-history":[{"count":4,"href":"https:\/\/urbanwines.se\/en\/wp-json\/wp\/v2\/produkt\/1889\/revisions"}],"predecessor-version":[{"id":2454,"href":"https:\/\/urbanwines.se\/en\/wp-json\/wp\/v2\/produkt\/1889\/revisions\/2454"}],"acf:term":[{"embeddable":true,"taxonomy":"smaktyp","href":"https:\/\/urbanwines.se\/en\/wp-json\/wp\/v2\/smaktyp\/59"},{"embeddable":true,"taxonomy":"produktkategori","href":"https:\/\/urbanwines.se\/en\/wp-json\/wp\/v2\/produktkategori\/48"}],"wp:featuredmedia":[{"embeddable":true,"href":"https:\/\/urbanwines.se\/en\/wp-json\/wp\/v2\/media\/1072"}],"wp:attachment":[{"href":"https:\/\/urbanwines.se\/en\/wp-json\/wp\/v2\/media?parent=1889"}],"wp:term":[{"taxonomy":"produktkategori","embeddable":true,"href":"https:\/\/urbanwines.se\/en\/wp-json\/wp\/v2\/produktkategori?post=1889"},{"taxonomy":"certifiering","embeddable":true,"href":"https:\/\/urbanwines.se\/en\/wp-json\/wp\/v2\/certifiering?post=1889"},{"taxonomy":"produktetikett","embeddable":true,"href":"https:\/\/urbanwines.se\/en\/wp-json\/wp\/v2\/produktetikett?post=1889"},{"taxonomy":"smaktyp","embeddable":true,"href":"https:\/\/urbanwines.se\/en\/wp-json\/wp\/v2\/smaktyp?post=1889"}],"curies":[{"name":"wp","href":"https:\/\/api.w.org\/{rel}","templated":true}]}}

Leif Mannerström Côtes-du-Rhône

Côtes-du-Rhône, France

The grapes are harvested by hand from vineyards with an average age exceeding 30 years. The Grenache grapes comes from Ardeché, Syrah and Mourvèdre from the northeastern parts of Gard. Skin maceration for about 30 days to give the wine extra strength and depth. After the alcohol fermentation the wine has been stored for more than 14 months in concrete tanks, followed by a soft filtration.

This red wine is very generous and musty, with hints of dark berries as well as spices and black pepper. The wine has good length with elegant fruit structure, which makes it the perfect match for Entrecôte and bearnaise.

Serve at 16-18°C.

<!-- This site is optimized with the Yoast SEO plugin v27.2 - https://yoast.com/product/yoast-seo-wordpress/ -->
<title>Leif Mannerström Côtes-du-Rhône - Urban Wines</title>
<meta name="robots" content="index, follow, max-snippet:-1, max-image-preview:large, max-video-preview:-1" />
<link rel="canonical" href="https://urbanwines.se/en/produkt/leif-mannerstrom-cotes-du-rhone/" />
<meta property="og:locale" content="en_US" />
<meta property="og:type" content="article" />
<meta property="og:title" content="Leif Mannerström Côtes-du-Rhône - Urban Wines" />
<meta property="og:url" content="https://urbanwines.se/en/produkt/leif-mannerstrom-cotes-du-rhone/" />
<meta property="og:site_name" content="Urban Wines" />
<meta property="article:publisher" content="https://www.facebook.com/urbanwinesofficial/" />
<meta property="article:modified_time" content="2023-09-05T19:31:55+00:00" />
<meta property="og:image" content="https://urbanwines.se/wp-content/uploads/2022/03/Mannerstroms_Rooda_2500px-1.png" />
	<meta property="og:image:width" content="900" />
	<meta property="og:image:height" content="2500" />
	<meta property="og:image:type" content="image/png" />
<script type="application/ld+json" class="yoast-schema-graph">{"@context":"https://schema.org","@graph":[{"@type":"WebPage","@id":"https://urbanwines.se/en/produkt/leif-mannerstrom-cotes-du-rhone/","url":"https://urbanwines.se/en/produkt/leif-mannerstrom-cotes-du-rhone/","name":"Leif Mannerström Côtes-du-Rhône - Urban Wines","isPartOf":{"@id":"https://urbanwines.se/en/#website"},"primaryImageOfPage":{"@id":"https://urbanwines.se/en/produkt/leif-mannerstrom-cotes-du-rhone/#primaryimage"},"image":{"@id":"https://urbanwines.se/en/produkt/leif-mannerstrom-cotes-du-rhone/#primaryimage"},"thumbnailUrl":"https://urbanwines.se/wp-content/uploads/2022/03/Mannerstroms_Rooda_2500px-1.png","datePublished":"2022-03-17T08:02:32+00:00","dateModified":"2023-09-05T19:31:55+00:00","breadcrumb":{"@id":"https://urbanwines.se/en/produkt/leif-mannerstrom-cotes-du-rhone/#breadcrumb"},"inLanguage":"en-US","potentialAction":[{"@type":"ReadAction","target":["https://urbanwines.se/en/produkt/leif-mannerstrom-cotes-du-rhone/"]}]},{"@type":"ImageObject","inLanguage":"en-US","@id":"https://urbanwines.se/en/produkt/leif-mannerstrom-cotes-du-rhone/#primaryimage","url":"https://urbanwines.se/wp-content/uploads/2022/03/Mannerstroms_Rooda_2500px-1.png","contentUrl":"https://urbanwines.se/wp-content/uploads/2022/03/Mannerstroms_Rooda_2500px-1.png","width":900,"height":2500},{"@type":"BreadcrumbList","@id":"https://urbanwines.se/en/produkt/leif-mannerstrom-cotes-du-rhone/#breadcrumb","itemListElement":[{"@type":"ListItem","position":1,"name":"Hem","item":"https://urbanwines.se/en/"},{"@type":"ListItem","position":2,"name":"Produkter","item":"https://urbanwines.se/en/produkt/"},{"@type":"ListItem","position":3,"name":"Leif Mannerström Côtes-du-Rhône"}]},{"@type":"WebSite","@id":"https://urbanwines.se/en/#website","url":"https://urbanwines.se/en/","name":"Urban Wines","description":"","publisher":{"@id":"https://urbanwines.se/en/#organization"},"potentialAction":[{"@type":"SearchAction","target":{"@type":"EntryPoint","urlTemplate":"https://urbanwines.se/en/?s={search_term_string}"},"query-input":{"@type":"PropertyValueSpecification","valueRequired":true,"valueName":"search_term_string"}}],"inLanguage":"en-US"},{"@type":"Organization","@id":"https://urbanwines.se/en/#organization","name":"Urban Wines","url":"https://urbanwines.se/en/","logo":{"@type":"ImageObject","inLanguage":"en-US","@id":"https://urbanwines.se/en/#/schema/logo/image/","url":"https://urbanwines.se/wp-content/uploads/2022/02/logo.jpg","contentUrl":"https://urbanwines.se/wp-content/uploads/2022/02/logo.jpg","width":425,"height":113,"caption":"Urban Wines"},"image":{"@id":"https://urbanwines.se/en/#/schema/logo/image/"},"sameAs":["https://www.facebook.com/urbanwinesofficial/"]}]}</script>
<!-- / Yoast SEO plugin. -->

Leif Mannerström Côtes-du-Rhône - Urban Wines
